ulate the highest common factor of o and 8.
4
Let z(c) = c**3 + 6*c**2 - 80*c - 36. Let u be z(-12). Let h = 10 + 20. What is the greatest common divisor of h and u?
30
Let g = 429 + -389. What is the greatest common factor of g and 200?
40
Suppose 11*j - 4366 = -63*j. What is the greatest common factor of j and 649?
59
Let i(d) = 46*d**2 - d. Let m be i(1). Suppose 0 = -4*o + 3*o + m. Calculate the greatest common factor of 9 and o.
9
Let k be 0 + 4*(0 + -1). Let a be 2/(0 - k/320). Let n be 8*(-1 + (-28)/(-8)). Calculate the highest common factor of a and n.
20
Suppose -1211 = 19*m - 3719. What is the greatest common divisor of 108 and m?
12
Suppose 0 = 3*o + 16*o - 988. What is the greatest common divisor of o and 13?
13
Let p be 375/(-45)*(-18)/10. Suppose 3*w = -0*w + 495. Calculate the greatest common divisor of w and p.
15
Let n(r) = -2*r - 13. Let p be n(-15). Let z = -616 + 633. What is the greatest common factor of z and p?
17
Let s(t) = 0*t - 7*t - 3*t - t**2 - 3*t - 38. Let u be s(-8). Calculate the greatest common factor of 2 and u.
2
Let p be 1 + (164 - 0 - -2). Suppose -2*g + 9 = -p. Suppose 0*a + a - 3*u - 11 = 0, 36 = 5*a + 4*u. What is the highest common divisor of a and g?
8
Let b = -18 + 168. Let l = -20 - -23. Suppose -7*o = 2*w - l*o - 72, 5*w + 2*o - 156 = 0. Calculate the greatest common divisor of b and w.
30
Let g = 562 - 534. Calculate the highest common factor of 77 and g.
7
Suppose -m + 36 = -67*p + 72*p, 4*m - 96 = -4*p. Calculate the greatest common factor of m and 483.
21
Suppose -4*u - 7 = -5*u. Calculate the highest common factor of u and 56.
7
Suppose 0 = -2*m + 4*m - 2*w - 8, 0 = -2*m - 5*w + 36. Suppose 3*u - 13 - 5 = 0. Suppose u*f - 5*f = 24. Calculate the highest common divisor of m and f.
8
Let u be 1/(3/(-7) + 192/399). Calculate the greatest common factor of 2 and u.
1
Suppose 4*w - 28 = -3*r + 2, 20 = 2*r - 3*w. Let v be (-1 + 13)/(36/240). What is the greatest common divisor of v and r?
10
Let f be 38/95 - (-184)/(-10). Let j(p) = p**3 + 18*p**2 - 6*p - 13. Let m be j(f). Calculate the greatest common factor of m and 19.
19
Suppose -6 = 4*h - 6*h - 3*d, -2*d = h - 3. Suppose -28 = j - 3*j - 5*w, -3*j = -2*w - 4. What is the highest common factor of h and j?
1
Suppose 5*f - 3 = 42. Let o(h) = h - 1. Let a be o(0). Let c be (6/a)/(20/(-10)). Calculate the highest common factor of f and c.
3
Let t be (-2 - 0)*(-12 + 5). Suppose 31*i = 32*i - t. Let n be (-82)/(-6) + 2/6. Calculate the highest common factor of i and n.
14
Let o = -62 - -62. Let r be (-2 - o) + 0 - -28. What is the highest common divisor of r and 130?
26
Suppose 19*z = 8*z + 27412. What is the highest common factor of z and 28?
28
Let w(b) be the third derivative of -b**4/8 - 13*b**3/6 + 27*b**2. Let g be w(-10). Calculate the highest common divisor of 34 and g.
17
Let g(n) = 16*n**2 - 82*n - 3. Let h be g(6). Let i be (-81)/(-6*3/12). Calculate the greatest common factor of i and h.
27
Suppose -9 = 28*s - 31*s. Let y be 30/4*48/20. Calculate the highest common factor of s and y.
3
Let j be (-2 - -3)/((-1)/(-41)). Suppose -4*r + j = -55. Let h be (r/(-2))/(-3) + 6. What is the highest common factor of h and 30?
10
Let f(x) = x**3 - 7*x**2 - 12*x - 27. Let t be f(9). Calculate the highest common factor of 225 and t.
9
Let q(c) = c**3 - 7*c**2 - 10*c + 15. Let u be q(8). Let b be (24/(-15) - u)*-25. What is the greatest common factor of b and 15?
15
Suppose 0 = -z - 4*z - 90. Let h(p) = -p + 1. Let f(m) = 10*m - 36. Let n(x) = z*h(x) - 2*f(x). Let t be n(0). What is the greatest common factor of t and 18?
18
Let b(g) = g**3 + 19*g**2 + 20*g + 56. Let w be b(-18). Calculate the greatest common factor of w and 170.
10
Let n = -20 - -24. Suppose -l - 12 = s, 0 = -5*s - n*l - 0*l - 59. Let d be (-24)/(-11) - (-2)/s. What is the highest common factor of 2 and d?
2
Suppose 2*q = 0, -5*p = q - 93 + 28. Let j(g) = 4*g**3 + 2*g**2 + g - 1. Let l be j(1). Let o = p - l. Calculate the highest common divisor of o and 7.
7
Suppose 5*w - 36 - 29 = 0. Suppose r + 8*x - 4*x - 135 = 0, -r - 3*x + 137 = 0. Calculate the greatest common divisor of w and r.
13
Let w = 71 - 53. Let v(i) = -2*i + 42. Let a be v(w). What is the highest common divisor of 48 and a?
6
Let q(i) be the second derivative of -2*i - 4/3*i**4 + 0 + 1/20*i**5 - 8/3*i**3 - 11/2*i**2. Let l be q(17). What is the highest common factor of 18 and l?
6
Let y be (2/2)/(-2 + 11/5). Suppose -y*v + 95 = 5*a, 0 = 5*a + 18 - 3. Calculate the greatest common divisor of v and 2.
2
Let h(x) = -5*x**2 + 15*x - 5. Let v(r) = 3*r**2 - 8*r + 2. Let z(a) = -4*h(a) - 7*v(a). Let y be z(-4). What is the highest common factor of y and 66?
6
Suppose -2*k - 3*k = x - 1035, -k + 3*x = -223. Suppose 9*c = c + k. Calculate the highest common divisor of c and 26.
26
Suppose g - 4 + 9 = 0. Let q = 17 - g. Calculate the highest common factor of q and 22.
22
Let u = 62 + -23. Suppose 3*o - u = 5*f, 5*o - 6*f + 2*f - 65 = 0. Let j(v) = 5*v - 4. Let c be j(6). Calculate the highest common divisor of c and o.
13
Suppose -a + 4*m = -4 - 6, -3*a + 8 = -m. Suppose 0 = -6*g + 3*g + 18. What is the greatest common divisor of g and a?
2
Let o = 321 - 240. What is the highest common factor of 9 and o?
9
Let w(y) = -2*y + y**2 + 11 - 8*y + 3*y + 4*y**2. Let b be w(-5). What is the highest common factor of b and 19?
19
Let k(z) = z**3 - 9*z**2 + 9*z + 8. Let c be k(8). Let l = 17 - c. Let d be (-12 - -19) + -1*l. Calculate the highest common divisor of 15 and d.
3
Let p be (-151)/(-1) - (-1)/1. Let i = -719 + 738. What is the highest common divisor of p and i?
19
Suppose 0 = 3*l + 4*p - 118, 5*p - 4 - 28 = -l. Let v be l/4 - 6/(-4). Suppose -9 = -2*w + 7. Calculate the highest common divisor of w and v.
4
Let v be -5 - 1 - -9 - -4. Suppose -3*d = -15, 5*d = -4*w + 4*d + 201. What is the greatest common factor of v and w?
7
Suppose -292 = -25*o + 108. Suppose 16 = 5*h - h, 5*p - 26 = -4*h. What is the highest common factor of p and o?
2
Let b be (1 - 2)/(56/(-5264)). Calculate the greatest common divisor of 517 and b.
47
Let s = 1982 - 1842. What is the greatest common divisor of 80 and s?
20
Suppose -8*b + 91 - 3 = 0. Let k be (-57)/b + 5 - (-246)/22. Suppose -4*p + 0*p + 308 = 0. What is the highest common factor of k and p?
11
Let k(o) = -9*o**3 - 6*o**2 - 14*o - 5. Let l be k(-3). What is the highest common divisor of l and 2?
2
Suppose 0 = -j - u - 3*u + 2137, 0 = 5*j + 3*u - 10668. Calculate the highest common divisor of 79 and j.
79
Let w be ((-2)/1 - (0 - 2))/(-2). Suppose 30*s - 38*s + 40 = w. Calculate the highest common factor of 15 and s.
5
Let z be 134/10 - (-6)/(-15). Let n be 4/(-22) - 527/187. Let q be 1/((-15)/(-24))*10 + n. What is the greatest common divisor of q and z?
13
Suppose -4*u = 157 - 709. Calculate the highest common factor of 18 and u.
6
Let h = 31 + -22. Suppose 2*p = -p + d + 11, 3*p + 3*d + h = 0. Suppose t + 2*b - 25 = 0, 0*b - 40 = -2*t - p*b. Calculate the highest common factor of 6 and t.
3
Let z(q) = 0*q - q - 74 + q**3 + 15*q**2 + 63. Let s be z(-15). What is the highest common factor of 68 and s?
4
Let m be ((-15)/45)/(1/(-6)). Suppose m*g + 17 = 45. Suppose 3*u + o - g = 4, 3*u + 4*o = 27. Calculate the highest common divisor of u and 50.
5
Let d = -25 - -30. Suppose -4*j = 3*h + 84, d*h = 3*h - 4*j - 52. Let z = h - -58. Calculate the greatest common factor of 286 and z.
26
Let o = -2959 + 3333. What is the highest common factor of o and 44?
22
Suppose 4*d + 2*d - 216 = 0. What is the highest common factor of 9 and d?
9
Let y(n) = -n**3 + 11*n**2 - 10*n + 20. Let k be y(10). Suppose 55 = -k*w + 21*w. What is the highest common divisor of 5 and w?
5
Suppose -2*x = m - 4*m - 123, -4*x + 2*m + 242 = 0. What is the highest common divisor of x and 80?
20
Let s be (1/2)/((-1)/(-40)). Suppose -2*g = 2*g - 20. Suppose -g*b + 69 + 633 = -2*k, 0 = -b + k + 141. What is the highest common factor of b and s?
20
Suppose 3*i - 70 = -1. Let m = 6 - i. Let s = -3 - m. Calculate the highest common factor of s and 56.
14
Let t = -47 + -37. Let b be (t/15)/(1*2/(-5)). What is the greatest common factor of 49 and b?
7
Let i(j) = -j**3 + 2*j**2 + 4*j - 1. Let p = 41 + -38. Let l be i(p). What is the greates